{"id":10488,"date":"2023-11-15T17:01:29","date_gmt":"2023-11-15T16:01:29","guid":{"rendered":"https:\/\/acmad.org\/?page_id=10488"},"modified":"2023-11-15T17:33:54","modified_gmt":"2023-11-15T16:33:54","slug":"force_task_aa","status":"publish","type":"page","link":"https:\/\/acmad.org\/index.php\/force_task_aa\/","title":{"rendered":"R\u00e9union de lancement des travaux et formalisation de la Task Force r\u00e9gionale sur les Actions d&#8217;Anticipation au Sahel pour la S\u00e9curit\u00e9 Alimentaire"},"content":{"rendered":"\t\t<div data-elementor-type=\"wp-page\" data-elementor-id=\"10488\" class=\"elementor elementor-10488\" data-elementor-post-type=\"page\">\n\t\t\t\t\t\t<section class=\"elementor-section elementor-top-section elementor-element elementor-element-c3cef11 elementor-section-height-min-height elementor-reverse-tablet elementor-reverse-mobile elementor-section-boxed elementor-section-height-default elementor-section-items-middle wpr-particle-no wpr-jarallax-no wpr-parallax-no wpr-sticky-section-no\" data-id=\"c3cef11\" data-element_type=\"section\" data-settings=\"{&quot;background_background&quot;:&quot;classic&quot;}\">\n\t\t\t\t\t\t<div class=\"elementor-container elementor-column-gap-no\">\n\t\t\t\t\t<div class=\"elementor-column elementor-col-33 elementor-top-column elementor-element elementor-element-cb0602f\" data-id=\"cb0602f\" data-element_type=\"column\">\n\t\t\t<div class=\"elementor-widget-wrap\">\n\t\t\t\t\t\t\t<\/div>\n\t\t<\/div>\n\t\t\t\t<div class=\"elementor-column elementor-col-33 elementor-top-column elementor-element elementor-element-55e9092\" data-id=\"55e9092\" data-element_type=\"column\">\n\t\t\t<div class=\"elementor-widget-wrap elementor-element-populated\">\n\t\t\t\t\t\t<div class=\"elementor-element elementor-element-7965080 elementor-widget elementor-widget-image\" data-id=\"7965080\" data-element_type=\"widget\" data-widget_type=\"image.default\">\n\t\t\t\t<div class=\"elementor-widget-container\">\n\t\t\t\t\t\t\t\t\t\t\t\t\t\t\t<img fetchpriority=\"high\" fetchpriority=\"high\" decoding=\"async\" width=\"550\" height=\"314\" src=\"https:\/\/acmad.org\/wp-content\/uploads\/2023\/11\/Banner.jpg\" class=\"attachment-large size-large wp-image-10491\" alt=\"\" srcset=\"https:\/\/acmad.org\/wp-content\/uploads\/2023\/11\/Banner.jpg 550w, https:\/\/acmad.org\/wp-content\/uploads\/2023\/11\/Banner-300x171.jpg 300w\" sizes=\"(max-width: 550px) 100vw, 550px\" \/>\t\t\t\t\t\t\t\t\t\t\t\t\t\t\t<\/div>\n\t\t\t\t<\/div>\n\t\t\t\t<div class=\"elementor-element elementor-element-e727ea5 elementor-widget elementor-widget-text-editor\" data-id=\"e727ea5\" data-element_type=\"widget\" data-widget_type=\"text-editor.default\">\n\t\t\t\t<div class=\"elementor-widget-container\">\n\t\t\t\t\t\t\t\t\t<p>Date: 27 \u2013 28 Novembre 2023<\/p><p>Lieu: Dakar, Senegal<\/p>\t\t\t\t\t\t\t\t<\/div>\n\t\t\t\t<\/div>\n\t\t\t\t<div class=\"elementor-element elementor-element-fba90c0 elementor-widget elementor-widget-text-editor\" data-id=\"fba90c0\" data-element_type=\"widget\" data-widget_type=\"text-editor.default\">\n\t\t\t\t<div class=\"elementor-widget-container\">\n\t\t\t\t\t\t\t\t\t<p><strong>L\u2019ACMAD participera \u00e0 la premi\u00e8re r\u00e9union de lancement et de formalisation de la task force r\u00e9gionale sur l\u2019AA pour la s\u00e9curit\u00e9 alimentaire organis\u00e9e par le CILSS, la FAO et le PAM du 27 au 28 Novembre 2023 \u00e0 Dakar<\/strong>. Cette rencontre s\u2019inscrit dans le cadre de la mise en \u0153uvre des recommandations de l\u2019atelier r\u00e9gional pour l\u2019Action d\u2019Anticipation (AA) au Sahel pour la S\u00e9curit\u00e9 Alimentaire qui s\u2019est tenue en septembre 2022.<\/p>\t\t\t\t\t\t\t\t<\/div>\n\t\t\t\t<\/div>\n\t\t\t\t<div class=\"elementor-element elementor-element-9abc495 elementor-widget elementor-widget-text-editor\" data-id=\"9abc495\" data-element_type=\"widget\" data-widget_type=\"text-editor.default\">\n\t\t\t\t<div class=\"elementor-widget-container\">\n\t\t\t\t\t\t\t\t\t<p><strong>Les objectifs et r\u00e9sultats attendus de la r\u00e9union\u00a0<\/strong><\/p>\t\t\t\t\t\t\t\t<\/div>\n\t\t\t\t<\/div>\n\t\t\t\t<div class=\"elementor-element elementor-element-76f5945 elementor-widget elementor-widget-text-editor\" data-id=\"76f5945\" data-element_type=\"widget\" data-widget_type=\"text-editor.default\">\n\t\t\t\t<div class=\"elementor-widget-container\">\n\t\t\t\t\t\t\t\t\t<p>\u00a0L&#8217;objectif global est de r\u00e9unir toutes les parties prenantes \u0153uvrant sur l\u2019action d\u2019anticipation pour la s\u00e9curit\u00e9 alimentaire au niveau r\u00e9gional pour cr\u00e9er la Task Force et d\u00e9finir ses priorit\u00e9s programmatiques. La r\u00e9union donnera lieu \u00e0 des \u00e9changes techniques et strat\u00e9giques sur l\u2019action d\u2019anticipation, ainsi qu\u2019\u00e0 des sessions de revues et travail sur les produits finaux de l\u2019atelier, afin de livrer les r\u00e9sultats suivants :<\/p><p>(1) Les institutions faisant partie de la Task Force R\u00e9gionale sur l\u2019AA pour la S\u00e9curit\u00e9 Alimentaire sont identifi\u00e9es, ainsi que leurs experts d\u00e9sign\u00e9s ;<\/p><p>(2) Les experts faisant partie de la Task Force comprennent les enjeux cl\u00e9s des AA pour la s\u00e9curit\u00e9 alimentaire de la r\u00e9gion et sont \u00e0 connaissance des priorit\u00e9s identifi\u00e9es au cours de l\u2019atelier r\u00e9gional ;<\/p><p>\u00a0(3) Le draft des TDR de la Task Force est revu et approuv\u00e9 de fa\u00e7on coll\u00e9giale, pouvant indiquer les modalit\u00e9s de fonctionnement de la Task Force ainsi que les taches principales \u00e0 accomplir ;<\/p><p>(4) Le draft de Note Strat\u00e9gique sur l\u2019AA pour la S\u00e9curit\u00e9 Alimentaire au Sahel est revue par la Task Force et approuv\u00e9 par les membres, afin de le partager en externe ;<\/p><p>(5) Le draft de la Feuille de Route 2023-2025 sur l\u2019AA est revue par les membres et approuv\u00e9es, identifiant aussi les institutions pouvant soutenir techniquement et\/ou financi\u00e8rement les activit\u00e9s pr\u00e9vues ;<\/p><p>(6) Le calendrier des rencontres pr\u00e9vu dans la feuille de route pour 2024 est fix\u00e9 et approuv\u00e9.<\/p><p><strong>Les principales contributions de l&#8217;ACMAD au groupe de travail seront de fournir des perspectives climatiques saisonni\u00e8res et d&#8217;\u00e9valuer la population attendue qui sera affect\u00e9e par les impacts de la s\u00e9curit\u00e9 alimentaire.<\/strong><\/p><p>Pour plus d\u2019information, veuillez trouver la note conceptuelle <a href=\"https:\/\/acmad.org\/wp-content\/uploads\/2019\/03\/TDR_Task-Force-AA_SECAL_Reunion-Nov-2023_Final.pdf\">ici<\/a>.<\/p>\t\t\t\t\t\t\t\t<\/div>\n\t\t\t\t<\/div>\n\t\t\t\t\t<\/div>\n\t\t<\/div>\n\t\t\t\t<div class=\"elementor-column elementor-col-33 elementor-top-column elementor-element elementor-element-547fefe\" data-id=\"547fefe\" data-element_type=\"column\">\n\t\t\t<div class=\"elementor-widget-wrap\">\n\t\t\t\t\t\t\t<\/div>\n\t\t<\/div>\n\t\t\t\t\t<\/div>\n\t\t<\/section>\n\t\t\t\t<\/div>\n\t\t","protected":false},"excerpt":{"rendered":"<p>Date: 27 \u2013 28 Novembre 2023 Lieu: Dakar, Senegal L\u2019ACMAD participera \u00e0 la premi\u00e8re r\u00e9union de lancement et de formalisation de la task force r\u00e9gionale sur l\u2019AA pour la s\u00e9curit\u00e9 alimentaire organis\u00e9e par le CILSS, la FAO et le PAM du 27 au 28 Novembre 2023 \u00e0 Dakar. Cette rencontre s\u2019inscrit dans le cadre de la mise en \u0153uvre des<\/p>\n","protected":false},"author":1,"featured_media":0,"parent":0,"menu_order":0,"comment_status":"closed","ping_status":"closed","template":"template-fullwidth.php","meta":{"_et_pb_use_builder":"","_et_pb_old_content":"","_et_gb_content_width":"","_eb_attr":"","footnotes":""},"class_list":["post-10488","page","type-page","status-publish","hentry"],"_links":{"self":[{"href":"https:\/\/acmad.org\/index.php\/wp-json\/wp\/v2\/pages\/10488","targetHints":{"allow":["GET"]}}],"collection":[{"href":"https:\/\/acmad.org\/index.php\/wp-json\/wp\/v2\/pages"}],"about":[{"href":"https:\/\/acmad.org\/index.php\/wp-json\/wp\/v2\/types\/page"}],"author":[{"embeddable":true,"href":"https:\/\/acmad.org\/index.php\/wp-json\/wp\/v2\/users\/1"}],"replies":[{"embeddable":true,"href":"https:\/\/acmad.org\/index.php\/wp-json\/wp\/v2\/comments?post=10488"}],"version-history":[{"count":8,"href":"https:\/\/acmad.org\/index.php\/wp-json\/wp\/v2\/pages\/10488\/revisions"}],"predecessor-version":[{"id":10498,"href":"https:\/\/acmad.org\/index.php\/wp-json\/wp\/v2\/pages\/10488\/revisions\/10498"}],"wp:attachment":[{"href":"https:\/\/acmad.org\/index.php\/wp-json\/wp\/v2\/media?parent=10488"}],"curies":[{"name":"wp","href":"https:\/\/api.w.org\/{rel}","templated":true}]}}